e (-1)/(-4) + -1 + (-18)/(-24). Suppose -9*a + a + 128 = z. What is the units digit of p(a)?
8
Let v(f) = -4*f**2 - f. Let g be (0 - 2)/2*(5 - 0). Let r be v(g). Let w = -31 - r. What is the units digit of w?
4
Suppose -5*l - 44 = -27*l. Suppose 16 = l*h + 3*o - 127, -2*h - 4*o + 148 = 0. What is the units digit of h?
4
What is the thousands digit of (-1251)/2919 + (-22956)/(-7)?
3
Suppose -45610 = -12*u + 9170. What is the tens digit of u?
6
Let o(m) = 2*m**2 - 18*m + 11. Let q be o(16). Let j = 520 + q. What is the tens digit of j?
5
Let m = -18 + 20. Suppose -m*r = -r + 90. Let c = -69 - r. What is the units digit of c?
1
Let l = -81 + 83. Suppose -4*n = -9*n - 4*t + 1411, -l*n + t + 554 = 0. What is the tens digit of n?
7
Let m(q) be the second derivative of 21*q**2 + 17/3*q**3 + 0 + 41*q - 1/12*q**4. What is the units digit of m(26)?
0
Suppose -2*u + 53837 = 5*o, -2*u + 4*u = 4*o - 43048. What is the thousands digit of o?
0
What is the tens digit of (-10 + 396/45)/(1 - (-10587)/(-10585))?
5
Suppose -4163 - 1157 = 19*x. Let m = x - -532. What is the units digit of m?
2
Suppose -p + 633 = -990. Suppose 0 = 7*m - p + 566. What is the hundreds digit of m?
1
Suppose 111*z - 98*z - 46956 = 0. What is the thousands digit of z?
3
Let m(l) = 970*l + 2010. What is the hundreds digit of m(30)?
1
Let c = 324 + -321. What is the hundreds digit of (-63)/42*(-376)/c?
1
Suppose -4*w + 29562 = 124*w - 46726. What is the hundreds digit of w?
5
Suppose 2*f = 11 - 1. Suppose 4*h + 4*b = -16, -2*h + 5*b = f + 3. Let i = 63 + h. What is the tens digit of i?
5
Let o = -299 + 299. Suppose -x + 3*a = -505 - 60, o = -4*x - 4*a + 2308. What is the hundreds digit of x?
5
Let r be (-1)/(-1)*(-14)/(-14). Let x be r/(((-22)/33)/((-4)/6)). Suppose 3*p + x = 2*w - 131, -4*p = -4*w + 268. What is the units digit of w?
9
Let j(q) = -q**2 - 6*q - 3. Let u be j(-3). Let x(t) = -45*t - 38. Let m(h) = 22*h + 19. Let d(v) = 9*m(v) + 4*x(v). What is the hundreds digit of d(u)?
1
Let f = 335 - 330. Suppose 3*w + 5*r - 923 = 0, -817 - 734 = -f*w - 2*r. What is the units digit of w?
1
Suppose -3*v = -20*v + 34. Suppose l + v*q = -0*q + 380, 0 = 2*l + q - 754. What is the hundreds digit of l?
3
Suppose -4*l = -5*r - 16, r + 4*l - 4 = 3*r. What is the hundreds digit of 40651/273 + r/(-42)?
1
Suppose -4*h + 14*b = 18*b - 35496, 17756 = 2*h + 6*b. What is the units digit of h?
2
Suppose -197 - 157 = -6*p. Let h = p - 56. Suppose 4*q = 2*d + 15 + h, 0 = -q + 2*d + 12. What is the units digit of q?
2
Let a(o) = -6*o - 2. Let l = -9 + 12. Let c be a(l). What is the units digit of c/(-30) - 512/(-6)?
6
Let t = -431 - -431. Suppose 5*a = -5*k + 2365, t = 4*a - 2*k - 0*k - 1916. What is the tens digit of a?
7
Suppose -n - 5*b + 25 + 0 = 0, -5*n + b = -21. Let s(i) = 3*i**3 + 3*i**2 - 10*i + 15. What is the units digit of s(n)?
5
Let n = 47565 - -7705. What is the units digit of n?
0
Suppose 2*x + 3*d - 141304 = 0, 56*x + 2*d = 51*x + 353238. What is the ten thousands digit of x?
7
What is the tens digit of (56*31/651)/(4/510)?
4
Let c(m) = -m + 1. Let w be c(-6). What is the tens digit of w/((-105)/(-250))*(-312)/(-20)?
6
Let g be 0*(-2*2)/4 + 23. Let t(n) be the third derivative of n**6/120 - 11*n**5/30 - 19*n**4/24 - 11*n**3/2 - 14*n**2. What is the units digit of t(g)?
9
Suppose -2*o + 5*o = 5*d + 13897, -d = -4*o + 18518. Suppose 0 = -16*a + o + 4555. What is the tens digit of a?
7
Let x be ((-28)/(-98))/(1/7). Suppose -x*f + 2098 = 5*z, 5*f + 3*z = 2*z + 5268. What is the thousands digit of f?
1
Let g(c) = c**3 - 6*c**2 - 2*c - 14. Let w be g(7). Suppose -8*m + 139 + w = 0. Let q = 125 - m. What is the tens digit of q?
0
Let w(p) = 8*p - 26. Let a be w(6). Suppose 2*r - a + 3 = 3*g, -3*r + 21 = -3*g. Suppose -3*d + 263 = -6*f + r*f, 3*f = -2*d + 164. What is the tens digit of d?
8
Suppose -9*w = -12*w - 306. Let j = 90 + w. What is the tens digit of (1 - -1)/(j/(-480))?
8
Let o be (-513)/((-5)/80*(-1 - 5)). Let m = 2147 + o. Suppose -517 = -9*a + m. What is the tens digit of a?
4
Suppose -9*a + 4*a = -225. Let r = a - 24. What is the units digit of ((-30)/r)/(1/(-35))?
0
Let g = 21222 - 12852. Suppose -v - g = -28*v. What is the hundreds digit of v?
3
Let o be -5*14/(-35)*(6 - 1). Let d(z) = -24*z + 22 + o + 4 + 2*z**2. What is the hundreds digit of d(16)?
1
Suppose -6*p + 73 = -119. Let h = p + 75. What is the units digit of h?
7
Suppose -77*r + 725115 + 449619 = -43*r. What is the tens digit of r?
5
Let c(j) = 23211*j**3 - 73*j + 74. What is the units digit of c(1)?
2
Let i(l) = 121*l + 108. Let j(d) = 40*d + 35. Let n(y) = 6*i(y) - 17*j(y). What is the hundreds digit of n(11)?
5
Let z(g) = -2*g**3 - 83*g**2 - 711*g - 70. What is the ten thousands digit of z(-48)?
6
Suppose -2*z - s = -13575, -44*z = -40*z + 3*s - 27149. What is the thousands digit of z?
6
What is the thousands digit of (224/(-12))/((-3)/2*28/16947)?
7
Let i(s) = -2*s + 2. Let j be i(4). What is the hundreds digit of ((-44)/j)/(50/3525)?
5
Let n(l) = -l**2 + 31*l - 66. Let r be n(30). What is the units digit of -4 - 31744/(-36) - 8/r?
8
Suppose -3*z = 120 - 153. Suppose 0 = -z*p + 9*p + 4. Suppose 5*a = 10, -4*n + 126 = p*a - 406. What is the tens digit of n?
3
Let j = -26 - -494. Let b = 13 + j. What is the tens digit of b?
8
Let t = 4 + 2. Let a(i) = -102*i - 92. Let r(d) = 73*d + 62. Let s(n) = -5*a(n) - 7*r(n). What is the tens digit of s(t)?
2
Suppose m - 1 = 0, 6*w - 24640 = 4*w - 2*m. What is the hundreds digit of w?
3
Suppose -12*o - 567 = -5*o. Let c = o - -131. What is the tens digit of c?
5
Suppose l - 3*x = -6, -4*x = 3*l - 6 - 2. Suppose -v - 34 + 16 = l. What is the tens digit of 48/v*174/(-8)?
5
What is the thousands digit of (31458/(-12) - 8)*(-4)/6?
1
Let j = 12239 + -4205. What is the units digit of j?
4
Let b be 10 + -6 - (-1 + -22). Let r(l) = 54*l**2 + 20*l + 3*l**3 - 31*l**2 - 2*l**3 + b. What is the tens digit of r(-22)?
7
What is the units digit of 277968/8 + 1 - 2/(-2)*-4?
3
Suppose 2*g - 4*g = -4*m - 258, m - 3 = 0. Let u(d) = g + 113*d - 135. What is the hundreds digit of u(1)?
1
Let t = 350 + -91. Suppose 0 = -p - 3*d + 258, -5*p = -p + 2*d - 992. Suppose 0 = 5*x - p - t. What is the units digit of x?
1
Let c(q) = 50*q**2 - 267*q - 4021. What is the tens digit of c(-16)?
5
Suppose 4*m + 2*k - 188060 = 0, 26*k + 94006 = 2*m + 21*k. What is the hundreds digit of m?
0
Let k = 30271 - 20472. What is the hundreds digit of k?
7
Suppose j + 180560 = 4*p, -29*p = -26*p + 4*j - 135401. What is the hundreds digit of p?
1
Let n be ((-30)/5 - -6)/1. Suppose n = -23*z - 15*z + 32490. What is the hundreds digit of z?
8
Let d(k) = -k + 8. Let y be d(5). Let m(z) = 2*z - 5. Let b be m(4). What is the tens digit of (80 - -3) + b/y?
8
Let n(h) = 983*h**2 - 5*h + 121. What is the hundreds digit of n(-5)?
7
Suppose 13*j - 4*j - 638780 = -264092. What is the thousands digit of j?
1
What is the hundreds digit of -881*((-319)/348 - 1/12)?
8
Let c(u) = 3*u**2 + 61*u - 582. What is the tens digit of c(16)?
6
Let b = -30229 - -78041. What is the units digit of b?
2
Let t(u) = u**3 - 2*u**2 + 2*u + 10. Let m be -1 - 4*(-4)/8. Let b be 6 + (0 - 1) - m. What is the units digit of t(b)?
0
Suppose h + 2*h - 12552 = 0. Suppose 5*a + 8*c - 11*c = h, 0 = -4*a - 3*c + 3331. What is the hundreds digit of a?
8
Suppose -8*w = 5*w + w - 265090. What is the thousands digit of w?
8
Suppose 43*q - 818285 = 30*q - 52*q. What is the thousands digit of q?
2
Let x = 82 + 731. Suppose -2*t - t + x = 0. Let z = t - 161. What is the tens digit of z?
1
Let s(m) = -3*m + 209. Let q(l) = -l**3 - 2*l - 3. Let w be q(-1). What is the hundreds digit of s(w)?
2
Let d = -2247 + 15276. What is the hundreds digit of d?
0
Suppose s - 7014 = -3*z, -99*z + 103*z + 35070 = 5*s. What is the tens digit of s?
1
Let o = -794 + 3353. Let c = 1274 - o. What is the units digit of (-24)/(-132) + c/(-11)?
7
Suppose 0 = -10*u + 31*u + 46*u - 2582783. What is the units digit of u?
9
Suppose 50 = 5*u - 5*c, 0 = -u + 5*c - 0*c + 26. Let o be 2/(u/(-21))*(1 + 0). Let x(p) = 3*p**2 + 8*p - 4. What is the units digit of x(o)?
7
What is the ten thousands digit of 38 - (-758667)/56 - (2 - 38/16)?
1
Let w(m) be the first derivative of -3*m**4/4 + 5*m**3/3 + 3*m**2 +